{"id":21,"date":"2022-05-13T11:26:32","date_gmt":"2022-05-13T11:26:32","guid":{"rendered":"https:\/\/egfimaroc.com\/site\/?page_id=21"},"modified":"2022-05-13T14:02:09","modified_gmt":"2022-05-13T14:02:09","slug":"chaudieres-vapeur-a-tube-de-fumee","status":"publish","type":"page","link":"https:\/\/egfimaroc.com\/site\/index.php\/chaudieres-vapeur-a-tube-de-fumee\/","title":{"rendered":"Chaudi\u00e8res vapeur \u00e0 tube de fum\u00e9e\u00a0"},"content":{"rendered":"\t\t<div data-elementor-type=\"wp-page\" data-elementor-id=\"21\" class=\"elementor elementor-21\">\n\t\t\t\t\t\t\t\t\t<section class=\"elementor-section elementor-top-section elementor-element elementor-element-3f6d56ee elementor-section-boxed elementor-section-height-default elementor-section-height-default\" data-id=\"3f6d56ee\" data-element_type=\"section\" id=\"ChaudieresVapeurATubeFumee\" data-settings=\"{&quot;background_background&quot;:&quot;classic&quot;}\">\n\t\t\t\t\t\t<div class=\"elementor-container elementor-column-gap-default\">\n\t\t\t\t\t<div class=\"elementor-column elementor-col-100 elementor-top-column elementor-element elementor-element-111248c\" data-id=\"111248c\" data-element_type=\"column\" data-settings=\"{&quot;background_background&quot;:&quot;classic&quot;}\">\n\t\t\t<div class=\"elementor-widget-wrap elementor-element-populated\">\n\t\t\t\t\t\t\t\t<div class=\"elementor-element elementor-element-8e4e5d elementor-widget elementor-widget-text-editor\" data-id=\"8e4e5d\" data-element_type=\"widget\" data-widget_type=\"text-editor.default\">\n\t\t\t\t<div class=\"elementor-widget-container\">\n\t\t\t<style>\/*! elementor - v3.6.5 - 27-04-2022 *\/\n.elementor-widget-text-editor.elementor-drop-cap-view-stacked .elementor-drop-cap{background-color:#818a91;color:#fff}.elementor-widget-text-editor.elementor-drop-cap-view-framed .elementor-drop-cap{color:#818a91;border:3px solid;background-color:transparent}.elementor-widget-text-editor:not(.elementor-drop-cap-view-default) .elementor-drop-cap{margin-top:8px}.elementor-widget-text-editor:not(.elementor-drop-cap-view-default) .elementor-drop-cap-letter{width:1em;height:1em}.elementor-widget-text-editor .elementor-drop-cap{float:left;text-align:center;line-height:1;font-size:50px}.elementor-widget-text-editor .elementor-drop-cap-letter{display:inline-block}<\/style>\t\t\t\t<p class=\"Style1\"><strong><span style=\"color: #cf372d;\"><u>Chaudi\u00e8res vapeur \u00e0 tube de fum\u00e9e<\/u><\/span><\/strong><\/p><p>Ce type de chaudi\u00e8re fournit un d\u00e9bit de vapeur satur\u00e9e de 100 kg\/h \u00e0 25 tonnes\/heure, en basse et moyenne pression. Le combustible utilis\u00e9 est soit du gaz, fuel, gasoil ou bois.<\/p><p>Les chaudi\u00e8res \u00e0 tubes de fum\u00e9e sont des g\u00e9n\u00e9rateurs de vapeur pour l&rsquo;industrie avec une structure \u00e0 gros volume d&rsquo;eau et une bo\u00eete post\u00e9rieure enti\u00e8rement noy\u00e9e avec acc\u00e8s complet au foyer, aux faisceaux tubulaires et aux plaques ant\u00e9rieures et post\u00e9rieures.<br \/>Ces g\u00e9n\u00e9rateurs sont \u00e9tudi\u00e9s et fabriqu\u00e9s avec une longue exp\u00e9rience acquise depuis 50 ans d&rsquo;activit\u00e9 dans le secteur industriel.<\/p><p><strong>Les avantages<\/strong>\u00a0:<\/p><p><span class=\"Style1 lamarge10\">&#8211;\u00a0<\/span>Fiabilit\u00e9 et robustesse<br \/><span class=\"Style1 lamarge10\">&#8211;\u00a0<\/span>Rendement constant et pouvant \u00eatre sup\u00e9rieur \u00e0 97% sur une plage de 30 \u00e0 100% de la charge<br \/><span class=\"Style1 lamarge10\">&#8211;\u00a0<\/span>Combinaison sp\u00e9cifique chaudi\u00e8re \/ br\u00fbleur et marquage CE de l&rsquo;ensemble<br \/><span class=\"Style1 lamarge10\">&#8211;\u00a0<\/span>Echanges thermiques par rayonnement et par convection optimis\u00e9s<br \/><span class=\"Style1 lamarge10\">&#8211;\u00a0<\/span>Respect des normes environnementales<br \/><span class=\"Style1 lamarge10\">&#8211;\u00a0<\/span>Bien adapt\u00e9es aux fortes variations de d\u00e9bit<br \/><span class=\"Style1 lamarge10\">&#8211;\u00a0<\/span>Vapeur de grande qualit\u00e9 , gr\u00e2ce au s\u00e9parateur vapeur\/eau<br \/><span class=\"Style1 lamarge10\">&#8211;\u00a0<\/span>Interlocuteur sp\u00e9cialis\u00e9 et habilit\u00e9 (chaudi\u00e8re, br\u00fbleur, ing\u00e9nierie, services)<br \/><span class=\"Style1 lamarge10\">&#8211;\u00a0<\/span>Large gamme de puissances disponibles<br \/><span class=\"Style1 lamarge10\">&#8211;\u00a0<\/span>Contrat de maintenance avec jusqu\u2019\u00e0 5 ans de garantie possible sur l&rsquo;ensemble br\u00fbleur et corps chaudronn\u00e9<br \/><span class=\"Style1 lamarge10\">&#8211;\u00a0<\/span>Supervision innovante, adapt\u00e9e \u00e0 l&rsquo;int\u00e9gration dans les syst\u00e8mes de contr\u00f4le industriels.<\/p><p>Nous proposons une\u00a0 chaudi\u00e8re standard de la nouvelle g\u00e9n\u00e9ration \u00e0 bo\u00eete \u00e0 feu noy\u00e9e syst\u00e8me\u00a0<strong>\u00ab\u00a0WET BACK\u00a0\u00bb<\/strong>.\u00a0 Cette conception tr\u00e8s moderne a \u00e9t\u00e9 adopt\u00e9e par tous les constructeurs de mat\u00e9riels \u00ab\u00a0<em>haut de gamme<\/em>\u00ab\u00a0.\u00a0<\/p><p>Les chaudi\u00e8res \u00e0 bo\u00eete \u00e0 feu noy\u00e9e pr\u00e9sentent des avantages tr\u00e8s importants par rapport\u00a0 aux constructions classiques \u00e0 bo\u00eete de retour de flamme briquet\u00e9e qui sont encore propos\u00e9es par certains constructeurs :<\/p><p><span class=\"Style1 lamarge10\">&#8211;\u00a0<\/span>Am\u00e9lioration tr\u00e8s sensible du rendement gr\u00e2ce au fait que le trajet des gaz de\u00a0 combustion dans la chaudi\u00e8re s&rsquo;effectue\u00a0 presque en totalit\u00e9 \u00e0 l&rsquo;int\u00e9rieur de parois entour\u00e9es d\u2019eau.<br \/><span class=\"Style1 lamarge10\">&#8211;\u00a0<\/span>Augmentation importante du volume de combustion d&rsquo;o\u00f9 abaissement de la\u00a0 temp\u00e9rature des gaz avant l\u2019entr\u00e9e des tubes \u00a0du second\u00a0 parcours la plaque\u00a0 tubulaire arri\u00e8re qui est une des\u00a0 parties les plus fragiles des chaudi\u00e8res \u00e0 tubes de fum\u00e9es est moins sollicit\u00e9e et n\u2019est pas soumise au rayonnement de r\u00e9fractaires \u00e0 tr\u00e8s haute temp\u00e9rature.<br \/><span class=\"Style1 lamarge10\">&#8211;\u00a0<\/span>Suppression \u00e0 peu pr\u00e8s compl\u00e8te des fumisteries qui sont une source de frais continuels de r\u00e9parations et qui absorbent inutilement des calories.<br \/><span class=\"Style1 lamarge10\">&#8211;\u00a0<\/span>Economie d&rsquo;entretien par rapport \u00e0 une chaudi\u00e8re classique o\u00f9 chaque ramonage et chaque intervention n\u00e9cessite le remplacement de joints en amiante co\u00fbteux.<br \/><span class=\"Style1 lamarge10\">&#8211;\u00a0<\/span>Facilit\u00e9 d&rsquo;acc\u00e8s: l\u2019ouverture compl\u00e8te de la chaudi\u00e8re c\u00f4t\u00e9 feu ne demande qu&rsquo;une heure environ \u00e0 un seul ouvrier. Idem pour la fermeture sans d\u00e9pose du br\u00fbleur. Alors que la plupart des chaudi\u00e8res \u00e0 bo\u00eete s\u00e8che exigent des heures de travail et parfois un outillage important (palan&#8230;..) aussi bien pour l\u2019ouverture que pour la fermeture.<br \/><span class=\"Style1 lamarge10\">&#8211;\u00a0<\/span>Garantie totale d&rsquo;\u00e9tanch\u00e9it\u00e9 entre les parcours\u00a0 des fum\u00e9es, ceux-ci \u00e9tant s\u00e9par\u00e9s par une paroi d\u2019eau et non\u00a0 par des joints fragiles et d\u00e9licats \u00e0\u00a0 serrer.<br \/><span class=\"Style1 lamarge10\">&#8211;\u00a0<\/span>Constructions plus compactes. Ouvertures de petites dimensions permettant de calorifuger pr\u00e8s de 95% de la surface ext\u00e9rieure d&rsquo; o\u00f9 r\u00e9duction des pertes\u00a0 par rayonnement.<\/p><p>Nous fournissons de nombreux types de mat\u00e9riels et tout particuli\u00e8rement la chaudi\u00e8re vapeur \u00e0 tubes de fum\u00e9e.<br \/>Nos \u00e9quipes de techniciens qualifi\u00e9s sont habilit\u00e9es \u00e0 assurer :<\/p><ul type=\"disc\"><li>l&rsquo;installation de la chaudi\u00e8re vapeur \u00e0 tubes de fum\u00e9e<\/li><li>la mise en en service de la chaudi\u00e8re vapeur \u00e0 tubes de fum\u00e9e<\/li><li>la maintenance de la chaudi\u00e8re vapeur \u00e0 tubes de fum\u00e9e<\/li><li>les r\u00e9parations de la chaudi\u00e8re vapeur \u00e0 tubes de fum\u00e9e<\/li><li>le S.A.V. de la chaudi\u00e8re vapeur \u00e0 tubes de fum\u00e9e<\/li><\/ul><p>Nous assurons aussi des interventions sur du mat\u00e9riel existant et mis en service par d&rsquo;autres entreprises :<\/p><ul type=\"disc\"><li>Installation compl\u00e8te de chaudi\u00e8re vapeur \u00e0 tubes de fum\u00e9e<\/li><li>Installation ancienne de chaudi\u00e8re vapeur \u00e0 tubes de fum\u00e9e<\/li><li>Maintenance d&rsquo;autre chaudi\u00e8re vapeur \u00e0 tube des fum\u00e9e<\/li><\/ul><p><strong>E.G.F.I.<\/strong>\u00a0intervient dans tout le territoire marocain sur toute chaudi\u00e8re vapeur \u00e0 tube de fum\u00e9e, que ce soit pour de la remise en \u00e9tat de chaudi\u00e8re vapeur \u00e0 tube de fum\u00e9e ou de l&rsquo;installation neuve de chaudi\u00e8re vapeur \u00e0 tube de fum\u00e9e.<br \/>Bien entendu, toute installation de chaudi\u00e8re vapeur \u00e0 tube de fum\u00e9e r\u00e9alis\u00e9e par E.G.F.I. b\u00e9n\u00e9ficie de la garantie du fabricant de la chaudi\u00e8re vapeur \u00e0 tube de fum\u00e9e ainsi que du savoir faire de E.G.F.I. en mati\u00e8re d&rsquo;installation de chaudi\u00e8re vapeur \u00e0 tube de fum\u00e9e<\/p>\t\t\t\t\t\t<\/div>\n\t\t\t\t<\/div>\n\t\t\t\t\t<\/div>\n\t\t<\/div>\n\t\t\t\t\t\t\t<\/div>\n\t\t<\/section>\n\t\t\t\t\t\t\t<\/div>\n\t\t","protected":false},"excerpt":{"rendered":"<p>Chaudi\u00e8res vapeur \u00e0 tube de fum\u00e9e Ce type de chaudi\u00e8re fournit un d\u00e9bit de vapeur satur\u00e9e de 100 kg\/h \u00e0 25 tonnes\/heure, en basse et moyenne pression. Le combustible utilis\u00e9 est soit du gaz, fuel, gasoil ou bois. Les chaudi\u00e8res \u00e0 tubes de fum\u00e9e sont des g\u00e9n\u00e9rateurs de vapeur pour l&rsquo;industrie avec une structure \u00e0 &hellip;<\/p>\n<p class=\"read-more\"> <a class=\"\" href=\"https:\/\/egfimaroc.com\/site\/index.php\/chaudieres-vapeur-a-tube-de-fumee\/\"> <span class=\"screen-reader-text\">Chaudi\u00e8res vapeur \u00e0 tube de fum\u00e9e\u00a0<\/span> Lire la suite\u00a0\u00bb<\/a><\/p>\n","protected":false},"author":1,"featured_media":0,"parent":0,"menu_order":0,"comment_status":"closed","ping_status":"closed","template":"","meta":{"site-sidebar-layout":"no-sidebar","site-content-layout":"page-builder","ast-global-header-display":"","ast-main-header-display":"","ast-hfb-above-header-display":"","ast-hfb-below-header-display":"","ast-hfb-mobile-header-display":"","site-post-title":"disabled","ast-breadcrumbs-content":"","ast-featured-img":"disabled","footer-sml-layout":"","theme-transparent-header-meta":"","adv-header-id-meta":"","stick-header-meta":"","header-above-stick-meta":"","header-main-stick-meta":"","header-below-stick-meta":"","footnotes":""},"class_list":["post-21","page","type-page","status-publish","hentry"],"_links":{"self":[{"href":"https:\/\/egfimaroc.com\/site\/index.php\/wp-json\/wp\/v2\/pages\/21","targetHints":{"allow":["GET"]}}],"collection":[{"href":"https:\/\/egfimaroc.com\/site\/index.php\/wp-json\/wp\/v2\/pages"}],"about":[{"href":"https:\/\/egfimaroc.com\/site\/index.php\/wp-json\/wp\/v2\/types\/page"}],"author":[{"embeddable":true,"href":"https:\/\/egfimaroc.com\/site\/index.php\/wp-json\/wp\/v2\/users\/1"}],"replies":[{"embeddable":true,"href":"https:\/\/egfimaroc.com\/site\/index.php\/wp-json\/wp\/v2\/comments?post=21"}],"version-history":[{"count":4,"href":"https:\/\/egfimaroc.com\/site\/index.php\/wp-json\/wp\/v2\/pages\/21\/revisions"}],"predecessor-version":[{"id":196,"href":"https:\/\/egfimaroc.com\/site\/index.php\/wp-json\/wp\/v2\/pages\/21\/revisions\/196"}],"wp:attachment":[{"href":"https:\/\/egfimaroc.com\/site\/index.php\/wp-json\/wp\/v2\/media?parent=21"}],"curies":[{"name":"wp","href":"https:\/\/api.w.org\/{rel}","templated":true}]}}