{"id":27,"date":"2022-05-13T11:27:13","date_gmt":"2022-05-13T11:27:13","guid":{"rendered":"https:\/\/egfimaroc.com\/site\/?page_id=27"},"modified":"2022-05-13T14:07:51","modified_gmt":"2022-05-13T14:07:51","slug":"eaux-de-refroidissement","status":"publish","type":"page","link":"https:\/\/egfimaroc.com\/site\/index.php\/eaux-de-refroidissement\/","title":{"rendered":"Eaux de refroidissement"},"content":{"rendered":"\t\t<div data-elementor-type=\"wp-page\" data-elementor-id=\"27\" class=\"elementor elementor-27\">\n\t\t\t\t\t\t\t\t\t<section class=\"elementor-section elementor-top-section elementor-element elementor-element-3876d04b elementor-section-boxed elementor-section-height-default elementor-section-height-default\" data-id=\"3876d04b\" data-element_type=\"section\" id=\"EauDeRefroid\" data-settings=\"{&quot;background_background&quot;:&quot;classic&quot;}\">\n\t\t\t\t\t\t<div class=\"elementor-container elementor-column-gap-default\">\n\t\t\t\t\t<div class=\"elementor-column elementor-col-100 elementor-top-column elementor-element elementor-element-65becdab\" data-id=\"65becdab\" data-element_type=\"column\" data-settings=\"{&quot;background_background&quot;:&quot;classic&quot;}\">\n\t\t\t<div class=\"elementor-widget-wrap elementor-element-populated\">\n\t\t\t\t\t\t\t\t<div class=\"elementor-element elementor-element-69e1f687 elementor-widget elementor-widget-text-editor\" data-id=\"69e1f687\" data-element_type=\"widget\" data-widget_type=\"text-editor.default\">\n\t\t\t\t<div class=\"elementor-widget-container\">\n\t\t\t<style>\/*! elementor - v3.6.5 - 27-04-2022 *\/\n.elementor-widget-text-editor.elementor-drop-cap-view-stacked .elementor-drop-cap{background-color:#818a91;color:#fff}.elementor-widget-text-editor.elementor-drop-cap-view-framed .elementor-drop-cap{color:#818a91;border:3px solid;background-color:transparent}.elementor-widget-text-editor:not(.elementor-drop-cap-view-default) .elementor-drop-cap{margin-top:8px}.elementor-widget-text-editor:not(.elementor-drop-cap-view-default) .elementor-drop-cap-letter{width:1em;height:1em}.elementor-widget-text-editor .elementor-drop-cap{float:left;text-align:center;line-height:1;font-size:50px}.elementor-widget-text-editor .elementor-drop-cap-letter{display:inline-block}<\/style>\t\t\t\t<p><strong><span style=\"color: #cf372d;\">Traitement des eaux de refroidissement\u00a0:<\/span><\/strong><\/p><p><strong>EGFI<\/strong>\u00a0commercialise une gamme de\u00a0produits\u00a0innovants et hautement efficaces\u00a0pour le traitement d\u2019eau\u00a0des circuits de refroidissement ouverts ou ferm\u00e9s.\u00a0<br \/>une \u00e9quipe de chimiste\u00a0 assiste la client\u00e8le pour le dosage des r\u00e9actifs, le suivi et l\u2019entretien des installations de traitement des eaux, afin de r\u00e9pondre \u00e0 toutes les probl\u00e9matiques li\u00e9es \u00e0 leur exploitation\u00a0:\u00a0<\/p><ul><li style=\"list-style-type: none;\"><ul><li>protection contre la corrosion<\/li><li>stabilisation des phosphates<\/li><li>contr\u00f4le des s\u00e9diments et des d\u00e9p\u00f4ts<\/li><li>nettoyage des syst\u00e8mes<\/li><li>biocides\u00a0contre la prolif\u00e9ration bact\u00e9rienne et la formation d\u2019algues<\/li><li>adjuvants pour les\u00a0syst\u00e8mes de climatisation<\/li><\/ul><\/li><\/ul><p>\u00a0EGFI assure une prestation de suivi r\u00e9gulier des installations de traitement des eaux\u00a0: le pr\u00e9l\u00e8vement des \u00e9chantillons d\u2019eau, le dosage des\u00a0produits de traitement d\u2019eau.<\/p>\t\t\t\t\t\t<\/div>\n\t\t\t\t<\/div>\n\t\t\t\t\t<\/div>\n\t\t<\/div>\n\t\t\t\t\t\t\t<\/div>\n\t\t<\/section>\n\t\t\t\t\t\t\t<\/div>\n\t\t","protected":false},"excerpt":{"rendered":"<p>Traitement des eaux de refroidissement\u00a0: EGFI\u00a0commercialise une gamme de\u00a0produits\u00a0innovants et hautement efficaces\u00a0pour le traitement d\u2019eau\u00a0des circuits de refroidissement ouverts ou ferm\u00e9s.\u00a0une \u00e9quipe de chimiste\u00a0 assiste la client\u00e8le pour le dosage des r\u00e9actifs, le suivi et l\u2019entretien des installations de traitement des eaux, afin de r\u00e9pondre \u00e0 toutes les probl\u00e9matiques li\u00e9es \u00e0 leur exploitation\u00a0:\u00a0 protection contre &hellip;<\/p>\n<p class=\"read-more\"> <a class=\"\" href=\"https:\/\/egfimaroc.com\/site\/index.php\/eaux-de-refroidissement\/\"> <span class=\"screen-reader-text\">Eaux de refroidissement<\/span> Lire la suite\u00a0\u00bb<\/a><\/p>\n","protected":false},"author":1,"featured_media":0,"parent":0,"menu_order":0,"comment_status":"closed","ping_status":"closed","template":"","meta":{"site-sidebar-layout":"no-sidebar","site-content-layout":"page-builder","ast-global-header-display":"","ast-main-header-display":"","ast-hfb-above-header-display":"","ast-hfb-below-header-display":"","ast-hfb-mobile-header-display":"","site-post-title":"disabled","ast-breadcrumbs-content":"","ast-featured-img":"disabled","footer-sml-layout":"","theme-transparent-header-meta":"","adv-header-id-meta":"","stick-header-meta":"","header-above-stick-meta":"","header-main-stick-meta":"","header-below-stick-meta":"","footnotes":""},"class_list":["post-27","page","type-page","status-publish","hentry"],"_links":{"self":[{"href":"https:\/\/egfimaroc.com\/site\/index.php\/wp-json\/wp\/v2\/pages\/27","targetHints":{"allow":["GET"]}}],"collection":[{"href":"https:\/\/egfimaroc.com\/site\/index.php\/wp-json\/wp\/v2\/pages"}],"about":[{"href":"https:\/\/egfimaroc.com\/site\/index.php\/wp-json\/wp\/v2\/types\/page"}],"author":[{"embeddable":true,"href":"https:\/\/egfimaroc.com\/site\/index.php\/wp-json\/wp\/v2\/users\/1"}],"replies":[{"embeddable":true,"href":"https:\/\/egfimaroc.com\/site\/index.php\/wp-json\/wp\/v2\/comments?post=27"}],"version-history":[{"count":4,"href":"https:\/\/egfimaroc.com\/site\/index.php\/wp-json\/wp\/v2\/pages\/27\/revisions"}],"predecessor-version":[{"id":220,"href":"https:\/\/egfimaroc.com\/site\/index.php\/wp-json\/wp\/v2\/pages\/27\/revisions\/220"}],"wp:attachment":[{"href":"https:\/\/egfimaroc.com\/site\/index.php\/wp-json\/wp\/v2\/media?parent=27"}],"curies":[{"name":"wp","href":"https:\/\/api.w.org\/{rel}","templated":true}]}}